{"id":20,"date":"2019-09-27T21:47:34","date_gmt":"2019-09-27T21:47:34","guid":{"rendered":"http:\/\/www.bestbeforemonday.de\/?page_id=20"},"modified":"2019-09-27T21:50:10","modified_gmt":"2019-09-27T21:50:10","slug":"best-before-monday","status":"publish","type":"page","link":"http:\/\/www.bestbeforemonday.de\/","title":{"rendered":"Best Before Monday"},"content":{"rendered":"\n<h2 class=\"wp-block-heading\">Best Before Monday<\/h2>\n\n\n\n<p>Sie sind wieder da! Nach einer kleinen sch\u00f6pferischen Pause betritt Best Before Monday wieder die B\u00fchne.<\/p>\n\n\n\n<p>Die Devise: Harter Rock mit sch\u00f6nen Melodien. Am besten zu genie\u00dfen vor Montag. Vier Musiker aus dem Raum G\u00f6ttingen, zelebrieren das goldene Wochenende, bevor es am Montag wieder zur\u00fcck in den Alltag geht. Irgendwo zwischen Postgrunge und College Rock, mal ernst, mal melancholisch, mal ironisch, aber immer kraftvoll und direkt nach vorne.<\/p>\n\n\n\n<p>Die Songs der Band entstammen allesamt der eigenen Feder und vereinen die unterschiedlichen Einfl\u00fcsse der Bandmitglieder in einem abwechslungsreichen Rock Paket, das dazu einl\u00e4dt, einfach mal Dampf abzulassen.<\/p>\n","protected":false},"excerpt":{"rendered":"<p>Best Before Monday Sie sind wieder da! Nach einer kleinen sch\u00f6pferischen Pause betritt Best Before Monday wieder die B\u00fchne. Die Devise: Harter Rock mit sch\u00f6nen Melodien. Am besten zu genie\u00dfen vor Montag. Vier Musiker aus dem Raum G\u00f6ttingen, zelebrieren das [&hellip;]<\/p>\n","protected":false},"author":1,"featured_media":0,"parent":0,"menu_order":0,"comment_status":"closed","ping_status":"closed","template":"page-templates\/page_fullwidth.php","meta":{"footnotes":""},"class_list":["post-20","page","type-page","status-publish","hentry","clearfix"],"_links":{"self":[{"href":"http:\/\/www.bestbeforemonday.de\/index.php\/wp-json\/wp\/v2\/pages\/20","targetHints":{"allow":["GET"]}}],"collection":[{"href":"http:\/\/www.bestbeforemonday.de\/index.php\/wp-json\/wp\/v2\/pages"}],"about":[{"href":"http:\/\/www.bestbeforemonday.de\/index.php\/wp-json\/wp\/v2\/types\/page"}],"author":[{"embeddable":true,"href":"http:\/\/www.bestbeforemonday.de\/index.php\/wp-json\/wp\/v2\/users\/1"}],"replies":[{"embeddable":true,"href":"http:\/\/www.bestbeforemonday.de\/index.php\/wp-json\/wp\/v2\/comments?post=20"}],"version-history":[{"count":2,"href":"http:\/\/www.bestbeforemonday.de\/index.php\/wp-json\/wp\/v2\/pages\/20\/revisions"}],"predecessor-version":[{"id":25,"href":"http:\/\/www.bestbeforemonday.de\/index.php\/wp-json\/wp\/v2\/pages\/20\/revisions\/25"}],"wp:attachment":[{"href":"http:\/\/www.bestbeforemonday.de\/index.php\/wp-json\/wp\/v2\/media?parent=20"}],"curies":[{"name":"wp","href":"https:\/\/api.w.org\/{rel}","templated":true}]}}